2*t - 5*b = -54, 0 = -5*b + 7*b - f. List the prime factors of t.
2, 11
What are the prime factors of (-3)/(-2) - ((-33945)/10)/3?
11, 103
Suppose -5*r = 25, -466 = -2*z - r + 1763. List the prime factors of z.
1117
Let r(s) be the first derivative of -2*s**2 - 27*s + 8. List the prime factors of r(-8).
5
Let d(y) = -6*y**3 + y**2 + 10*y - 8. What are the prime factors of d(-5)?
3, 239
Let d(i) = -8 + 2*i + 2 - 3 + 5*i. Let c be d(5). Let l = c - -11. What are the prime factors of l?
37
Suppose 70*v = 51*v + 33896. What are the prime factors of v?
2, 223
Suppose -2041 = -4*c - 9*c. Suppose 0 = 4*h - 4*o - 156, 3*h + 0*h - c = -5*o. What are the prime factors of h?
2, 11
Let n(t) = t - 16. Let l be n(18). Let x(g) = 20*g**3 - 2*g**2 + 5*g + 2. List the prime factors of x(l).
2, 41
Let k = -527 - -818. What are the prime factors of k?
3, 97
Suppose 144 = 9*b + 3*b. What are the prime factors of (28/b)/((-3)/(-207)) - 1?
2, 5
Let f = 156 - -83. List the prime factors of f.
239
Suppose -4*l + 728 = 5*n, -2*l + 218 = 5*n - 156. What are the prime factors of l?
3, 59
Let z = 898 - 487. What are the prime factors of z?
3, 137
Suppose 5*s + 29 = 2*w, -2*s + 5*w - 2 = -3. Let x be (-104)/(-28) + (-2)/s. Suppose -x*o + 220 = -r, -o + 2*r - 46 = -2*o. What are the prime factors of o?
2, 3
Suppose 2*w = -h + 90, w - 292 = -3*h + 6*w. Suppose 3*l - h = -p - l, 3*l = -2*p + 163. List the prime factors of p.
2, 37
Suppose -4*a = 3*j - 1558, 3*a - 424 = -3*j + 1130. List the prime factors of j.
2, 257
Let k(u) = -3*u**3 - 8*u**2 - 2*u - 1. Let j be k(-7). Suppose 276 = 3*m + 5*x, -5*m + x + j = 190. What are the prime factors of m?
2, 23
Let p(k) be the first derivative of k**2/2 + 30*k - 1. Let j(v) = -2*v**3 - 5*v**2 + v - 6. Let t be j(-3). List the prime factors of p(t).
2, 3, 5
Let s be (-12)/30 - (-34)/10. Suppose -5*d - 10 = 4*u, s*u = -4*d - u - 12. Suppose -d*q - q = -36. What are the prime factors of q?
2, 3
Let x = 2075 - 1423. What are the prime factors of x?
2, 163
Suppose 5*i = -2*m + 4*m + 206, 3*m + 89 = 2*i. Suppose -s = -5*s + i. List the prime factors of s.
2, 5
Suppose 2*g + 5*x = 261, -2*g + 4*x = g - 380. Suppose 0 = 11*q - 9*q - g. What are the prime factors of q?
2
Let v = -28 + 18. Let q = v + 12. Suppose -5*c - q + 17 = 0. List the prime factors of c.
3
Let m(f) = 22*f + 23*f - 48*f + 9*f**2 - 3. What are the prime factors of m(-1)?
3
Suppose 4 = -m - 3*h, 2*m - 5*h - 3 = -0. Let i be -1*14/(0 - m). What are the prime factors of -7*(2 - (-88)/i)?
2, 3, 5
What are the prime factors of (12/(-8))/(9/(-2490))?
5, 83
Let k = -394 - -573. Suppose l + 99 = k. List the prime factors of l.
2, 5
Suppose 4*o = 0, 2 + 1 = f + 5*o. Suppose f*h - 36 = -n + 2*h, 0 = -5*n - 2*h + 183. What are the prime factors of n?
37
Let a = 571 - -245. Suppose -a = -3*y - 5*y. List the prime factors of y.
2, 3, 17
Suppose 0 = -5*s + 2*s - 5*j - 28, -s + 4*j + 2 = 0. Let q(w) = -w. Let t(f) = 11*f - 1. Let y(o) = -5*q(o) - t(o). What are the prime factors of y(s)?
37
Suppose 4*w = -5*l + 3007 + 1136, 0 = 5*l + 5. List the prime factors of w.
17, 61
Suppose -5*i = 17 + 3. List the prime factors of i + 92/2 + (-1 - -2).
43
Let m = -14 - -19. Suppose -3*w = -r - 280, -m*r = 4*w - 3*r - 390. What are the prime factors of w?
5, 19
Let z = 57 - 54. Suppose -49 = -5*w + k, 4*w = w + z*k + 27. What are the prime factors of w?
2, 5
Let t be ((-1)/2)/(14/(-3024)). Suppose 3*u - 3*r + r = 86, -4*u - 4*r + t = 0. Suppose 3 = 3*i + 6, -f + 3*i = -u. List the prime factors of f.
5
Let i(k) = k**2 - 2*k - 4. Let b be i(0). Let l = b - -3. What are the prime factors of (-3)/(l*(0 - -1))?
3
Suppose -3*s + 3*l - 7*l = 19, 3*s + 11 = 4*l. List the prime factors of s + 6 + (-138)/(-3).
47
Suppose 0 = -3*z - 5*w + 49, -25 - 14 = -2*z + 3*w. List the prime factors of z.
2, 3
Let d(u) = -165*u**3 - u**2 + 3*u + 3. Let o be d(-1). Let n be (-580)/6 + (-12)/(-18). Let s = n + o. What are the prime factors of s?
2, 17
Suppose -31 = -15*b + 14. Suppose 6*t - 7*t + 4*g + 106 = 0, 0 = -b*g + 15. What are the prime factors of t?
2, 3, 7
Suppose h - 3 = -0*h. Suppose -2 - 9 = -s + 5*k, -61 = -4*s + h*k. Let f = 59 + s. What are the prime factors of f?
3, 5
What are the prime factors of 840 - ((-14)/(-8) - 17/(-68))?
2, 419
Let d(s) = -s**3 - 9*s**2 - 4*s - 8. Let k be d(-8). Let a = 53 + k. What are the prime factors of a?
13
Let g be (-288)/(-54) + (-2)/(-3). Let r(t) = -10*t - 2 - g*t + t + 3*t. List the prime factors of r(-2).
2, 11
Let k = 11 + -19. Let w be k - -7 - 3/(-1). Let y = 1 + w. What are the prime factors of y?
3
Suppose 2*b = 4*b - 4, o + 3*b = 2375. Suppose x + 4*h = -o, -x - 74 = h + 2280. List the prime factors of x/(-63) + 2/(-7).
37
Let x = -1 - -5. Let y(h) = 2*h**2 - 6*h - 4. List the prime factors of y(x).
2
Suppose 4*k - 5047 = -i, 3*k = -2*i + 4778 - 999. List the prime factors of k.
3, 421
Suppose 0*f - 1048 = -2*d + 3*f, 4*f = -4*d + 2076. Suppose 0 = 6*x + 125 - d. What are the prime factors of x?
2, 3, 11
Let g(s) = -s**3 + 15*s**2 - 10*s - 12. Let r(m) = -m**3 - 3*m + 14. Let a be r(0). List the prime factors of g(a).
2, 11
Suppose 18*j - 56522 + 20594 = 0. List the prime factors of j.
2, 499
Let y(t) = 33*t - 2. Suppose -5*j - 3*o = -10, 3*o + 1 + 3 = 2*j. What are the prime factors of y(j)?
2
Let d = -12 + -18. Let r be d/(-4) + (-18)/12. Let h(n) = -n**2 + 8*n - 2. What are the prime factors of h(r)?
2, 5
Let j = -226 - -621. Let o = -162 + j. List the prime factors of o.
233
Suppose 0 = 2*d + 5*b - 1796, -3*d + 1491 = -5*b - 1228. What are the prime factors of d?
3, 7, 43
Let x(d) = d**2 + 18*d - 6. Let h be x(-6). Let i = h + 237. List the prime factors of i.
3, 53
Let t = 5 + 0. Let d be -1*(7 - 0) + 10. Suppose -o + 4*s = t*s - 23, -d*s = -5*o + 83. What are the prime factors of o?
19
Let o be (-1)/(-2)*162/9. Suppose -14 + 16 = y. Suppose -o*l + 294 = -y*l. What are the prime factors of l?
2, 3, 7
Suppose -1265 - 1565 = -5*m. What are the prime factors of m?
2, 283
Suppose -c - 1246 = -5*o, 2*o - 497 = -0*c - c. Suppose 4*n + 3*b = 325, 2*n + o = 5*n - 3*b. Let d = -31 + n. List the prime factors of d.
3, 17
Suppose -5*q = -3*c + 5780, -43*q - 3847 = -2*c - 46*q. What are the prime factors of c?
5, 7, 11
Suppose -47 = 3*d - 17. Let l(m) = 2*m**2 + 14*m - 3. What are the prime factors of l(d)?
3, 19
Let d be (9/(-5))/3 + (-186)/(-10). List the prime factors of (12/d)/(2/327).
109
Let h be (-1)/3 - 404/(-6). Let x(g) = -g**3 + 9*g**2 + 11*g + 13. Let p be x(9). Let i = p - h. What are the prime factors of i?
3, 5
Suppose w + 0 - 3 = 0, 2*v - 621 = -5*w. What are the prime factors of v?
3, 101
Suppose 2*w + 0 = 3*b - 3, 5*b = -3*w + 5. Suppose t = -w*t + 5. What are the prime factors of t?
5
Let m(o) = o**2 - 12*o + 7. Let i be m(15). Suppose -5*p + 333 = 2*g, g = 4*p - i + 186. List the prime factors of g.
2, 7, 11
Let o = 1 + -19. Let j = o - -54. What are the prime factors of (4/6)/(1/j)?
2, 3
Suppose 1335 = -5*j - 240. What are the prime factors of 2/(-3)*(j/14 + -3)?
17
Suppose 28 = 7*k + 7. Let j(w) = -w**2 - 5*w + 4*w**2 + 2 + w**3 - w**2. List the prime factors of j(k).
2
Suppose -3*s = 2*f - 2*s - 5904, 0 = 4*f - s - 11802. List the prime factors of f.
13, 227
Suppose 0 = 76*u - 80*u + 9128. What are the prime factors of u?
2, 7, 163
Suppose -100 = -m - 2*x, 0 = 2*m - x - 108 - 87. What are the prime factors of m?
2, 7
Let v(u) be the third derivative of u**6/20 + u**5/120 + u**4/24 - u**3/6 + 5*u**2. Let l(w) be the first derivative of v(w). List the prime factors of l(-1).
2, 3
Let k = -3678 + 7602. List the prime factors of k.
2, 3, 109
What are the prime factors of (44/(-66) - 34/(-6)) + 1099?
2, 3, 23
Let q = 3534 + -2305. What are the prime factors of q?
1229
Suppose 18*y - 6489 = 3447. What are the prime factors of y?
2, 3, 23
Let s = 161 + 820. What are the prime factors of s?
3, 109
Suppose -4*v = l - 6*v + 3, -3*v + 15 = 0. Suppose l*g = 5*g + 38. What are the prime factors of g?
19
List the prime factors of (172/6)/(-3 + (-2104)/(-696)).
29, 43
Let v(d) = d**2 - 2*d + 4. Let z(y) = -7*y - 3. Let p(t) = 3*t + 1. Let b(o) = -5*p(o) - 2*z(o). Let c be b(-4). What are the prime factors of v(c)?
19
Suppose -5*r + t + 3*t = -38, t - 28 = -